{"id":702,"date":"2019-02-10T01:36:42","date_gmt":"2019-02-10T01:36:42","guid":{"rendered":"http:\/\/esundy.nuclio.org\/?page_id=702"},"modified":"2025-05-29T11:01:39","modified_gmt":"2025-05-29T10:01:39","slug":"e-cafes-ciencia","status":"publish","type":"page","link":"https:\/\/esundy.nuclio.org\/index.php\/global\/e-cafes-ciencia\/","title":{"rendered":"E-caf\u00e9s Ci\u00eancia\u00a0"},"content":{"rendered":"\r\n\r\n\r\n<p>Durante 2018 e 2019 h\u00e1 (e)caf\u00e9s-ci\u00eancia subordinados a temas afins da comprova\u00e7\u00e3o experimental da Teoria da Relatividade Geral que s\u00e3o gravados e disponibilizados para que a celebra\u00e7\u00e3o do centen\u00e1rio do eclipse de 1919 chegue a uma comunidade de falantes de portugu\u00eas mais abrangente.<\/p>\r\n<p>Para quem n\u00e3o teve oportunidade de assistir no momento e tem interesse, poder\u00e1 faz\u00ea-lo agora. &nbsp;<\/p>\r\n<p>Iniciativa promovida pelo&nbsp;<a href=\"http:\/\/olagoalqueva.pt\/\">Observat\u00f3rio do Lago Alqueva<\/a> (OLA) &nbsp;no \u00e2mbito da parceria com o Eddington at Sundy (E@S).<\/p>\r\n<p>&nbsp;<\/p>\r\n<p class=\"has-small-font-size\"><a href=\"http:\/\/olagoalqueva.pt\/events\/cafe-ciencia-20180414\/\" target=\"_blank\" rel=\"noopener noreferrer\"><strong>2019: 50 anos do Homem na Lua e 100 anos de Eddington no Pr\u00edncipe &#8211; PT<\/strong><\/a>&nbsp; (a partir do minuto 3)- Jos\u00e9 Saraiva, Joana Latas e Rosa Doran (NUCLIO)<\/p>\r\n<p><iframe loading=\"lazy\" title=\"Caf\u00e9 Ci\u00eancia Webinar: 2019 - 50 anos do Homem na Lua e 100 anos de Eddington no Pr\u00edncipe\" width=\"780\" height=\"439\" src=\"https:\/\/www.youtube.com\/embed\/rLp7-BUI-jE?feature=oembed\" frameborder=\"0\" allow=\"accelerometer; autoplay; clipboard-write; encrypted-media; gyroscope; picture-in-picture\" allowfullscreen><\/iframe><\/p>\r\n\r\n\r\n\r\n<p>&nbsp;<\/p>\r\n<p class=\"has-small-font-size\"><a href=\"http:\/\/olagoalqueva.pt\/events\/cafe-ciencia-o-inicio-do-universo\/\" target=\"_blank\" rel=\"noopener noreferrer\"><strong>O in\u00edcio do Universo- PT<\/strong><\/a> &#8211; Pedro Gil Ferreira (Oxford University)<\/p>\r\n<p>&nbsp;<\/p>\r\n<p class=\"has-small-font-size\"><a href=\"http:\/\/olagoalqueva.pt\/events\/cafe-ciencia-melo-e-simas-o-astronomo-portugues-que-testou-einstein\" target=\"_blank\" rel=\"noopener noreferrer\"><strong>Melo e Simas, o astr\u00f3nomo portugu\u00eas que testou Einstein? &#8211; PT&nbsp;<\/strong><\/a> &#8211; Ana Sim\u00f5es (Universidade de Lisboa)<\/p>\r\n<p><iframe loading=\"lazy\" title=\"Caf\u00e9 Ci\u00eancia Webinar: Melo e Simas, o astr\u00f3nomo portugu\u00eas que testou Einstein? - Ana Sim\u00f5es\" width=\"780\" height=\"439\" src=\"https:\/\/www.youtube.com\/embed\/3qOnuhEAqA4?start=4&#038;feature=oembed\" frameborder=\"0\" allow=\"accelerometer; autoplay; clipboard-write; encrypted-media; gyroscope; picture-in-picture\" allowfullscreen><\/iframe><\/p>\r\n\r\n\r\n\r\n<p>&nbsp;<\/p>\r\n<p>&nbsp;<\/p>\r\n<p><strong><a href=\"http:\/\/olagoalqueva.pt\/events\/cafe-ciencia-100-anos-de-lentes-gravitacionais\/\" target=\"_blank\" rel=\"noopener noreferrer\">100 anos de lentes gravitacionais- PT\/ENG<\/a><\/strong> &#8211; Ismael Tereno (Instituto de Astrof\u00edsica e Ci\u00eancias do Espa\u00e7o e Universidade de Lisboa)<\/p>\r\n<p><iframe loading=\"lazy\" title=\"Caf\u00e9 Ci\u00eancia Webinar: 100 anos de lentes gravitacionais - Ismael Tereno\" width=\"780\" height=\"439\" src=\"https:\/\/www.youtube.com\/embed\/4U6k1wBhuYE?list=PLURvQUcAJXoy14m-e5zJcwk-2-mhFDAJE\" frameborder=\"0\" allow=\"accelerometer; autoplay; clipboard-write; encrypted-media; gyroscope; picture-in-picture\" allowfullscreen><\/iframe><\/p>\r\n<p>&nbsp;<\/p>\r\n<p><a href=\"http:\/\/olagoalqueva.pt\/events\/cafe-ciencia-luz-o-mediador-para-o-cosmos\/\" target=\"_blank\" rel=\"noopener noreferrer\"><strong>Luz, o mediador para o cosmos<\/strong><\/a>&nbsp; &#8211; Jos\u00e9 Manuel Rebord\u00e3o (Instituto de Astrof\u00edsica e Ci\u00eancias do Espa\u00e7o e Universidade de Lisboa)<\/p>\r\n<p>&nbsp;<\/p>\r\n<p>&nbsp;<\/p>\r\n<p><strong><a href=\"http:\/\/olagoalqueva.pt\/events\/cafe-ciencia-o-lado-escuro-da-forca\/\" target=\"_blank\" rel=\"noopener noreferrer\">O lado escuro da for\u00e7a<\/a><\/strong> &#8211; Tiago Barreiro (Instituto de Astrof\u00edsica e Ci\u00eancias do Espa\u00e7o e Universidade Lus\u00f3fona)<\/p>\r\n<p>&nbsp;<\/p>\r\n<p>&nbsp;<\/p>\r\n<p><strong><a href=\"http:\/\/olagoalqueva.pt\/events\/cafe-ciencia-curvando-a-luz\/\" target=\"_blank\" rel=\"noopener noreferrer\">Curvando a luz, de Eddington aos buracos negros<\/a><\/strong> &#8211; Carlos Herdeiro (Universidade de Lisboa)<\/p>\r\n<p>&nbsp;<\/p>\r\n<p>&nbsp;<\/p>\r\n<p><a href=\"http:\/\/olagoalqueva.pt\/&nbsp;\"><img loading=\"lazy\" decoding=\"async\" class=\"alignnone wp-image-512 size-medium\" src=\"https:\/\/esundy.nuclio.org\/wp-content\/uploads\/2019\/01\/08-OLAlqueva-300x60.png\" alt=\"\" width=\"300\" height=\"60\" srcset=\"https:\/\/esundy.nuclio.org\/wp-content\/uploads\/2019\/01\/08-OLAlqueva-300x60.png 300w, https:\/\/esundy.nuclio.org\/wp-content\/uploads\/2019\/01\/08-OLAlqueva-768x154.png 768w, https:\/\/esundy.nuclio.org\/wp-content\/uploads\/2019\/01\/08-OLAlqueva-1024x205.png 1024w, https:\/\/esundy.nuclio.org\/wp-content\/uploads\/2019\/01\/08-OLAlqueva-1568x314.png 1568w\" sizes=\"auto, (max-width: 300px) 100vw, 300px\" \/><\/a><\/p>","protected":false},"excerpt":{"rendered":"<p>Durante 2018 e 2019 h\u00e1 (e)caf\u00e9s-ci\u00eancia subordinados a temas afins da comprova\u00e7\u00e3o experimental da Teoria da Relatividade Geral que s\u00e3o [&hellip;]<\/p>\n","protected":false},"author":2,"featured_media":0,"parent":153,"menu_order":4,"comment_status":"closed","ping_status":"closed","template":"","meta":{"ngg_post_thumbnail":0,"footnotes":""},"class_list":["post-702","page","type-page","status-publish","hentry"],"_links":{"self":[{"href":"https:\/\/esundy.nuclio.org\/index.php\/wp-json\/wp\/v2\/pages\/702","targetHints":{"allow":["GET"]}}],"collection":[{"href":"https:\/\/esundy.nuclio.org\/index.php\/wp-json\/wp\/v2\/pages"}],"about":[{"href":"https:\/\/esundy.nuclio.org\/index.php\/wp-json\/wp\/v2\/types\/page"}],"author":[{"embeddable":true,"href":"https:\/\/esundy.nuclio.org\/index.php\/wp-json\/wp\/v2\/users\/2"}],"replies":[{"embeddable":true,"href":"https:\/\/esundy.nuclio.org\/index.php\/wp-json\/wp\/v2\/comments?post=702"}],"version-history":[{"count":20,"href":"https:\/\/esundy.nuclio.org\/index.php\/wp-json\/wp\/v2\/pages\/702\/revisions"}],"predecessor-version":[{"id":2780,"href":"https:\/\/esundy.nuclio.org\/index.php\/wp-json\/wp\/v2\/pages\/702\/revisions\/2780"}],"up":[{"embeddable":true,"href":"https:\/\/esundy.nuclio.org\/index.php\/wp-json\/wp\/v2\/pages\/153"}],"wp:attachment":[{"href":"https:\/\/esundy.nuclio.org\/index.php\/wp-json\/wp\/v2\/media?parent=702"}],"curies":[{"name":"wp","href":"https:\/\/api.w.org\/{rel}","templated":true}]}}