{"id":1165,"date":"2019-02-16T14:23:34","date_gmt":"2019-02-16T14:23:34","guid":{"rendered":"http:\/\/esundy.nuclio.org\/?page_id=1165"},"modified":"2025-05-29T11:01:40","modified_gmt":"2025-05-29T10:01:40","slug":"celebrating-may","status":"publish","type":"page","link":"https:\/\/esundy.nuclio.org\/index.php\/en\/island-of-principe\/celebrating-may\/","title":{"rendered":"Programme: May, 24th &#8211; 29th"},"content":{"rendered":"<p>Between <strong>May 24th and 29th<\/strong>, Pr\u00edncipe Island will welcome an international event with the participation of distinguished scientists in which the whole of the population will be involved.\u00a0<\/p>\r\n<p>The aim of this event is to celebrate the centenary of the 1919 solar eclipse, create the cornerstone for the physical legacy of this episode in the island of Pr\u00edncipe with the close collaboration of the international scientific community, like it happened 100 years ago.\u00a0\u00a0<\/p>\r\n<p>&nbsp;<\/p>\r\n<h3><a href=\"http:\/\/bit.ly\/2JHU0eK\" target=\"_blank\" rel=\"noopener noreferrer\">Programme and Abstracts<\/a><\/h3>\r\n<p>&nbsp;<\/p>\r\n<h4>Live streaming sessions<\/h4>\r\n<p><!-- \/wp:post-content -->\r\n\r\n<!-- wp:paragraph --><\/p>\r\n<ul>\r\n<li><strong>Videoconference Principe and Sobral <\/strong>(partnership with\u00a0<a href=\"http:\/\/www.facebook.com\/CentenariodoEclipsedeSobral\/\">Centen\u00e1rio do Eclipse de Sobral<\/a>) &#8211; PT &#8211; <a href=\"http:\/\/youtu.be\/4vAkppHWJB0\">http:\/\/youtu.be\/4vAkppHWJB0<\/a><\/li>\r\n<li><strong>Gravity 2019 <\/strong>(Global Science Opera main-story by Students from Brasil and Sao Tome and Principe) &#8211; EN\u00a0&#8211;\u00a0<a href=\"http:\/\/youtu.be\/lKKo014-zd8\">http:\/\/youtu.be\/lKKo014-zd8<\/a><\/li>\r\n<\/ul>\r\n<p>&nbsp;<\/p>\r\n<h4><strong>Panels<\/strong><\/h4>\r\n<p><!-- \/wp:paragraph -->\r\n\r\n<!-- wp:html --><\/p>\r\n<p><!-- \/wp:html -->\r\n\r\n<!-- wp:html --><\/p>\r\n<ul>\r\n<li><strong>Principe and Sobral: 100 years later <\/strong> &#8211; Chris Taxis (HBD), Manuel Penhor (Universidade de S\u00e3o Tom\u00e9 e Pr\u00edncipe), Tem\u00f3teo Neves (Governo Regional do Pr\u00edncipe), Vinicius Oliveira (Unipampa, Campus Ca\u00e7apava do Sul). Moderadora: Ana Sim\u00f5es (Universidade de Lisboa) &#8211; PT<\/li>\r\n<li><strong>Women and Science<\/strong>\u00a0&#8211; Amanda Subbarao (National Geograpnic Learning | Cengage Learning), Ewine van Dishoeck (Leiden University), Ivanilda Cabral (Universidade de Cabo-Verde), Rosalia Vargas (Ag\u00eancia Nacional de Cultura Cient\u00edfica e Tecnol\u00f3gica Ci\u00eancia Viva). Moderadora: Rosa Doran (NUCLIO) &#8211; EN<\/li>\r\n<li><strong>Astronomy, \u00c1frica and\u00a0 UN 2030 Agenda<\/strong> &#8211;\u00a0 Ana Alice Prazeres da Mata (Governo Regional do Pr\u00edncipe) , Cl\u00e1udio Torres (UN-Habitat),\u00a0 Teresa Lago (Universidade do Porto), Valente Cuambe (Universidade Educardo Mondlane). Moderador: Jo\u00e3o Cara\u00e7a\u00a0 (Funda\u00e7\u00e3o Calouste Gulbenkian)- PT<\/li>\r\n<\/ul>\r\n<p>&nbsp;<\/p>\r\n<h4>Lectures<\/h4>\r\n<p><!-- \/wp:html -->\r\n\r\n<!-- wp:paragraph \/-->\r\n\r\n<!-- wp:html --><\/p>\r\n<ul>\r\n<li><strong>Challenges of Mozambique in the SKA ERA 2018-2028 <\/strong>&#8211; Valente Cuambe &#8211; Universidade Eduardo Mondlane, Maputo &#8211; PT<\/li>\r\n<li><strong>Eddington, eclipses in Pr\u00edncipe and Sobral and general relativity<\/strong>\u00a0 &#8211; Paulo Crawford &#8211; Universidade de Lisboa &#8211; EN<\/li>\r\n<li><strong>Telling stories with words and cartoons: From Coimbra to Pr\u00edncipe<\/strong>&#8211; Jos\u00e9 Ramalho Santos &#8211; Universidade de Coimbra &#8211; PT<\/li>\r\n<li><strong>The perfect theory: A century of genius and a debate about general relativity<\/strong>&#8211; Pedro Gil Ferreira &#8211; University of Oxford -PT<\/li>\r\n<li><strong>100 years of a Planetarium<\/strong> &#8211; Mark Subbarao &#8211; Adler Planetarium, Chicago &#8211; EN<\/li>\r\n<li><strong>100 years of general theory of\u00a0 relativity @ Sundy e Sobral <\/strong>&#8211; Jos\u00e9 Sande Lemos &#8211; Universidade de Lisboa &#8211; PT<\/li>\r\n<\/ul>\r\n<p>&nbsp;<\/p>\r\n<p><!-- \/wp:html -->\r\n\r\n<!-- wp:paragraph \/-->\r\n\r\n<!-- wp:paragraph --><\/p>\r\n<h4>Science Caf\u00e9 with night sky observation<\/h4>\r\n<p><!-- \/wp:paragraph -->\r\n\r\n<!-- wp:paragraph \/-->\r\n\r\n<!-- wp:html --><\/p>\r\n<ul>\r\n<li><strong>One Sky? <\/strong>\u00a0&#8211; Vinicius Oliveira &#8211;\u00a0 Unipampa, Campus Ca\u00e7apava do Sul &#8211; PT<\/li>\r\n<li><strong>Ro\u00e7a Sundy over the last century: from an agrarian structure to the identity structure of Sao Tome and Principe <\/strong>\u00a0&#8211; Rita Alves &#8211; Consultora UN-Habitat e Duarte Pape &#8211; Paralelo Zero, Arquitectura &#8211; PT<\/li>\r\n<li><strong>Reaching New Heights in Astronomy<\/strong>\u00a0&#8211; Tim de Zeeuw &#8211; Leiden University &#8211; EN<\/li>\r\n<\/ul>\r\n<h4>\u00a0<\/h4>\r\n<h4><strong>Conference<\/strong><\/h4>\r\n<ul>\r\n<li><strong>From Einstein and Eddington to LIGO: 100 years of gravitational light deflection<\/strong>\u00a0&#8211; organisers: Jos\u00e9 Sande Lemos, V\u00edtor Cardoso e Carlos Herdeiro &#8211;\u00a0 EN<\/li>\r\n<\/ul>\r\n<p>E@S scientific component is substantiated in an international congress which will be attended by\u00a0 invited renowned relativists. For more information please check the event\u2019s page <a href=\"http:\/\/science.esundy.tecnico.ulisboa.pt\/en\/\">here<\/a>.<\/p>\r\n<p>&nbsp;<\/p>\r\n<h4><strong>Book presentation<\/strong><\/h4>\r\n<ul>\r\n<li><strong>O Eclipse de Einstein &#8211;\u00a0<\/strong>Nuno Crato &#8211; Universidade de Lisboa &#8211; PT<\/li>\r\n<li><strong>Einstein, Eddington e o Eclipse: comics teaser &#8211;<\/strong>\u00a0Ana Sim\u00f5es &#8211; Universidade de Lisboa &#8211; PT<\/li>\r\n<\/ul>\r\n<p>&nbsp;<\/p>\r\n<h4><!-- \/wp:html -->\r\n\r\n<!-- wp:paragraph --><\/h4>\r\n<h4>Talks with scientists<\/h4>\r\n<p>Scientists will go to communities to talk to Principeans about Science topics and the importance of the island of Principe to the conception we now have of Relativity, but also to share some of their experiences and work with students and answer questions and curiosities that are raised.<\/p>\r\n<p>&nbsp;<\/p>\r\n<h4><strong>Network Science<\/strong><\/h4>\r\n<p>Students, teachers and science communicators from Brazil, England, Portugal and Sao Tome &amp; Principe\u00a0share experiences about science and different cultures, in school in Pr\u00edncipe or virtually with the common goal of better understanding the influence of the observation of the solar eclipse of the 29 th of May 2019 for the vision of the Universe we have today.<\/p>\r\n<p>&nbsp;<\/p>\r\n<h4><strong>Teacher training<\/strong><\/h4>\r\n<p>Science teachers will be invited to participate in training sessions with international and national trainers in the scope of Astronomy, innovative classroom methodologies, as well as drawing and implementation of projects in schools.<\/p>\r\n<h4><!-- \/wp:paragraph -->\r\n\r\n<!-- wp:paragraph --><\/h4>\r\n<p>&nbsp;<\/p>\r\n<p>Detailed information in the\u00a0<a href=\"https:\/\/esundy.nuclio.org\/index.php\/en\/calendar-2\/\">calendar<\/a>.<\/p>\r\n<p>&nbsp;<\/p>\r\n<p>&nbsp;<\/p>\r\n<p><img loading=\"lazy\" decoding=\"async\" class=\"alignnone  wp-image-1587\" src=\"https:\/\/esundy.nuclio.org\/wp-content\/uploads\/2019\/03\/logoCENTRA-246x300.png\" alt=\"\" width=\"161\" height=\"196\" srcset=\"https:\/\/esundy.nuclio.org\/wp-content\/uploads\/2019\/03\/logoCENTRA-246x300.png 246w, https:\/\/esundy.nuclio.org\/wp-content\/uploads\/2019\/03\/logoCENTRA-768x936.png 768w, https:\/\/esundy.nuclio.org\/wp-content\/uploads\/2019\/03\/logoCENTRA-840x1024.png 840w\" sizes=\"auto, (max-width: 161px) 100vw, 161px\" \/>\u00a0 \u00a0 \u00a0 \u00a0 \u00a0 \u00a0 \u00a0 \u00a0 \u00a0 \u00a0<a href=\"http:\/\/www.cienciaviva.pt\/home\/\"><img loading=\"lazy\" decoding=\"async\" class=\"alignnone wp-image-445\" src=\"https:\/\/esundy.nuclio.org\/wp-content\/uploads\/2019\/01\/marca_CV_versao_beta_PANTONE-300x95.png\" alt=\"\" width=\"268\" height=\"84\" srcset=\"https:\/\/esundy.nuclio.org\/wp-content\/uploads\/2019\/01\/marca_CV_versao_beta_PANTONE-300x95.png 300w, https:\/\/esundy.nuclio.org\/wp-content\/uploads\/2019\/01\/marca_CV_versao_beta_PANTONE-768x243.png 768w, https:\/\/esundy.nuclio.org\/wp-content\/uploads\/2019\/01\/marca_CV_versao_beta_PANTONE-1024x324.png 1024w, https:\/\/esundy.nuclio.org\/wp-content\/uploads\/2019\/01\/marca_CV_versao_beta_PANTONE-1568x496.png 1568w\" sizes=\"auto, (max-width: 268px) 100vw, 268px\" \/><\/a>\u00a0 \u00a0 \u00a0 \u00a0 \u00a0 \u00a0 \u00a0 \u00a0 \u00a0 \u00a0<a href=\"http:\/\/www.the-observatory.org\/\"><img loading=\"lazy\" decoding=\"async\" class=\"alignnone wp-image-513\" src=\"https:\/\/esundy.nuclio.org\/wp-content\/uploads\/2019\/01\/09-OSC-300x298.jpg\" alt=\"\" width=\"189\" height=\"187\" srcset=\"https:\/\/esundy.nuclio.org\/wp-content\/uploads\/2019\/01\/09-OSC-300x298.jpg 300w, https:\/\/esundy.nuclio.org\/wp-content\/uploads\/2019\/01\/09-OSC.jpg 591w\" sizes=\"auto, (max-width: 189px) 100vw, 189px\" \/><\/a>\u00a0 \u00a0 \u00a0 \u00a0 \u00a0 \u00a0 \u00a0 \u00a0 \u00a0 \u00a0 \u00a0 \u00a0\u00a0<a href=\"http:\/\/galileoteachers.org\/\"><img loading=\"lazy\" decoding=\"async\" class=\"alignnone wp-image-452\" src=\"https:\/\/esundy.nuclio.org\/wp-content\/uploads\/2019\/01\/gttp_logo_original-243x300.jpg\" alt=\"\" width=\"152\" height=\"188\" srcset=\"https:\/\/esundy.nuclio.org\/wp-content\/uploads\/2019\/01\/gttp_logo_original-243x300.jpg 243w, https:\/\/esundy.nuclio.org\/wp-content\/uploads\/2019\/01\/gttp_logo_original.jpg 564w\" sizes=\"auto, (max-width: 152px) 100vw, 152px\" \/><\/a>\u00a0 \u00a0 \u00a0 \u00a0 \u00a0 \u00a0 \u00a0 \u00a0 \u00a0 \u00a0\u00a0\u00a0 \u00a0 \u00a0 \u00a0<\/p>\r\n<p><img loading=\"lazy\" decoding=\"async\" class=\"alignnone  wp-image-1296\" src=\"https:\/\/esundy.nuclio.org\/wp-content\/uploads\/2019\/02\/IAU100_black_RGB_ENG-300x176.png\" alt=\"\" width=\"205\" height=\"120\" srcset=\"https:\/\/esundy.nuclio.org\/wp-content\/uploads\/2019\/02\/IAU100_black_RGB_ENG-300x176.png 300w, https:\/\/esundy.nuclio.org\/wp-content\/uploads\/2019\/02\/IAU100_black_RGB_ENG-768x451.png 768w, https:\/\/esundy.nuclio.org\/wp-content\/uploads\/2019\/02\/IAU100_black_RGB_ENG-1024x602.png 1024w\" sizes=\"auto, (max-width: 205px) 100vw, 205px\" \/><a href=\"http:\/\/www.iau-100.org\/\"><img loading=\"lazy\" decoding=\"async\" class=\"alignnone  wp-image-1853\" src=\"https:\/\/esundy.nuclio.org\/wp-content\/uploads\/2019\/04\/BISTP-300x170.png\" alt=\"\" width=\"214\" height=\"122\" srcset=\"https:\/\/esundy.nuclio.org\/wp-content\/uploads\/2019\/04\/BISTP-300x170.png 300w, https:\/\/esundy.nuclio.org\/wp-content\/uploads\/2019\/04\/BISTP-768x435.png 768w, https:\/\/esundy.nuclio.org\/wp-content\/uploads\/2019\/04\/BISTP-1024x581.png 1024w, https:\/\/esundy.nuclio.org\/wp-content\/uploads\/2019\/04\/BISTP.png 1254w\" sizes=\"auto, (max-width: 214px) 100vw, 214px\" \/><\/a>\u00a0 \u00a0<a href=\"http:\/\/www.instituto-camoes.pt\/\"><img loading=\"lazy\" decoding=\"async\" class=\"alignnone wp-image-612\" src=\"https:\/\/esundy.nuclio.org\/wp-content\/uploads\/2019\/02\/Logo_IC-300x155.jpg\" alt=\"\" width=\"229\" height=\"118\" srcset=\"https:\/\/esundy.nuclio.org\/wp-content\/uploads\/2019\/02\/Logo_IC-300x155.jpg 300w, https:\/\/esundy.nuclio.org\/wp-content\/uploads\/2019\/02\/Logo_IC.jpg 624w\" sizes=\"auto, (max-width: 229px) 100vw, 229px\" \/><\/a>\u00a0 \u00a0\u00a0 \u00a0\u00a0<a href=\"http:\/\/www.deltacafes.pt\/ \"><img loading=\"lazy\" decoding=\"async\" class=\"alignnone wp-image-622\" src=\"https:\/\/esundy.nuclio.org\/wp-content\/uploads\/2019\/02\/LOGO-DELTA-sem-assinatura-300x300.jpg\" alt=\"\" width=\"172\" height=\"172\" srcset=\"https:\/\/esundy.nuclio.org\/wp-content\/uploads\/2019\/02\/LOGO-DELTA-sem-assinatura-300x300.jpg 300w, https:\/\/esundy.nuclio.org\/wp-content\/uploads\/2019\/02\/LOGO-DELTA-sem-assinatura-150x150.jpg 150w, https:\/\/esundy.nuclio.org\/wp-content\/uploads\/2019\/02\/LOGO-DELTA-sem-assinatura.jpg 767w\" sizes=\"auto, (max-width: 172px) 100vw, 172px\" \/><\/a><img loading=\"lazy\" decoding=\"async\" class=\"alignnone  wp-image-1748\" src=\"https:\/\/esundy.nuclio.org\/wp-content\/uploads\/2019\/04\/BPP_Rlbg-255x300.jpg\" alt=\"\" width=\"168\" height=\"198\" srcset=\"https:\/\/esundy.nuclio.org\/wp-content\/uploads\/2019\/04\/BPP_Rlbg-255x300.jpg 255w, https:\/\/esundy.nuclio.org\/wp-content\/uploads\/2019\/04\/BPP_Rlbg-768x905.jpg 768w, https:\/\/esundy.nuclio.org\/wp-content\/uploads\/2019\/04\/BPP_Rlbg.jpg 849w\" sizes=\"auto, (max-width: 168px) 100vw, 168px\" \/><\/p>\r\n<p><a href=\"http:\/\/www.belomontehotel.com\/\"><img loading=\"lazy\" decoding=\"async\" class=\"alignnone wp-image-522\" src=\"https:\/\/esundy.nuclio.org\/wp-content\/uploads\/2019\/01\/19-rocabelomonte-300x153.png\" alt=\"\" width=\"275\" height=\"140\" srcset=\"https:\/\/esundy.nuclio.org\/wp-content\/uploads\/2019\/01\/19-rocabelomonte-300x153.png 300w, https:\/\/esundy.nuclio.org\/wp-content\/uploads\/2019\/01\/19-rocabelomonte-768x391.png 768w, https:\/\/esundy.nuclio.org\/wp-content\/uploads\/2019\/01\/19-rocabelomonte-1024x521.png 1024w, https:\/\/esundy.nuclio.org\/wp-content\/uploads\/2019\/01\/19-rocabelomonte.png 1169w\" sizes=\"auto, (max-width: 275px) 100vw, 275px\" \/><\/a>\u00a0 \u00a0 \u00a0 \u00a0 \u00a0 \u00a0 \u00a0 \u00a0\u00a0<a href=\"omalilodge.com\"><img loading=\"lazy\" decoding=\"async\" class=\"alignnone wp-image-1337\" src=\"https:\/\/esundy.nuclio.org\/wp-content\/uploads\/2019\/02\/Omali-300x219.png\" alt=\"\" width=\"170\" height=\"124\" srcset=\"https:\/\/esundy.nuclio.org\/wp-content\/uploads\/2019\/02\/Omali-300x219.png 300w, https:\/\/esundy.nuclio.org\/wp-content\/uploads\/2019\/02\/Omali-768x562.png 768w, https:\/\/esundy.nuclio.org\/wp-content\/uploads\/2019\/02\/Omali-370x270.png 370w, https:\/\/esundy.nuclio.org\/wp-content\/uploads\/2019\/02\/Omali.png 786w\" sizes=\"auto, (max-width: 170px) 100vw, 170px\" \/><\/a>\u00a0 \u00a0 \u00a0 \u00a0 \u00a0\u00a0<a href=\"http:\/\/www.bombomprincipe.com\/\"><img loading=\"lazy\" decoding=\"async\" class=\"alignnone wp-image-521\" src=\"https:\/\/esundy.nuclio.org\/wp-content\/uploads\/2019\/01\/18-Bom-Bom-300x162.jpg\" alt=\"\" width=\"221\" height=\"119\" srcset=\"https:\/\/esundy.nuclio.org\/wp-content\/uploads\/2019\/01\/18-Bom-Bom-300x162.jpg 300w, https:\/\/esundy.nuclio.org\/wp-content\/uploads\/2019\/01\/18-Bom-Bom-768x415.jpg 768w, https:\/\/esundy.nuclio.org\/wp-content\/uploads\/2019\/01\/18-Bom-Bom-1024x553.jpg 1024w, https:\/\/esundy.nuclio.org\/wp-content\/uploads\/2019\/01\/18-Bom-Bom-1568x847.jpg 1568w\" sizes=\"auto, (max-width: 221px) 100vw, 221px\" \/><\/a>\u00a0 \u00a0 \u00a0 \u00a0 \u00a0\u00a0<a href=\"http:\/\/www.hotelrocasundy.com\/pt\"><img loading=\"lazy\" decoding=\"async\" class=\"alignnone wp-image-520\" src=\"https:\/\/esundy.nuclio.org\/wp-content\/uploads\/2019\/01\/17-Roca-Sundy-300x217.jpg\" alt=\"\" width=\"164\" height=\"118\" srcset=\"https:\/\/esundy.nuclio.org\/wp-content\/uploads\/2019\/01\/17-Roca-Sundy-300x217.jpg 300w, https:\/\/esundy.nuclio.org\/wp-content\/uploads\/2019\/01\/17-Roca-Sundy-768x555.jpg 768w, https:\/\/esundy.nuclio.org\/wp-content\/uploads\/2019\/01\/17-Roca-Sundy-1024x740.jpg 1024w, https:\/\/esundy.nuclio.org\/wp-content\/uploads\/2019\/01\/17-Roca-Sundy-1568x1133.jpg 1568w, https:\/\/esundy.nuclio.org\/wp-content\/uploads\/2019\/01\/17-Roca-Sundy.jpg 1600w\" sizes=\"auto, (max-width: 164px) 100vw, 164px\" \/><\/a><\/p>","protected":false},"excerpt":{"rendered":"<p>Between May 24th and 29th, Pr\u00edncipe Island will welcome an international event with the participation of distinguished scientists in which [&hellip;]<\/p>\n","protected":false},"author":2,"featured_media":0,"parent":1161,"menu_order":2,"comment_status":"closed","ping_status":"closed","template":"","meta":{"ngg_post_thumbnail":0,"footnotes":""},"class_list":["post-1165","page","type-page","status-publish","hentry"],"_links":{"self":[{"href":"https:\/\/esundy.nuclio.org\/index.php\/wp-json\/wp\/v2\/pages\/1165","targetHints":{"allow":["GET"]}}],"collection":[{"href":"https:\/\/esundy.nuclio.org\/index.php\/wp-json\/wp\/v2\/pages"}],"about":[{"href":"https:\/\/esundy.nuclio.org\/index.php\/wp-json\/wp\/v2\/types\/page"}],"author":[{"embeddable":true,"href":"https:\/\/esundy.nuclio.org\/index.php\/wp-json\/wp\/v2\/users\/2"}],"replies":[{"embeddable":true,"href":"https:\/\/esundy.nuclio.org\/index.php\/wp-json\/wp\/v2\/comments?post=1165"}],"version-history":[{"count":40,"href":"https:\/\/esundy.nuclio.org\/index.php\/wp-json\/wp\/v2\/pages\/1165\/revisions"}],"predecessor-version":[{"id":2590,"href":"https:\/\/esundy.nuclio.org\/index.php\/wp-json\/wp\/v2\/pages\/1165\/revisions\/2590"}],"up":[{"embeddable":true,"href":"https:\/\/esundy.nuclio.org\/index.php\/wp-json\/wp\/v2\/pages\/1161"}],"wp:attachment":[{"href":"https:\/\/esundy.nuclio.org\/index.php\/wp-json\/wp\/v2\/media?parent=1165"}],"curies":[{"name":"wp","href":"https:\/\/api.w.org\/{rel}","templated":true}]}}