{"id":1138,"date":"2019-02-16T13:33:29","date_gmt":"2019-02-16T13:33:29","guid":{"rendered":"http:\/\/esundy.nuclio.org\/?page_id=1138"},"modified":"2025-05-29T11:01:40","modified_gmt":"2025-05-29T10:01:40","slug":"10-x-10","status":"publish","type":"page","link":"https:\/\/esundy.nuclio.org\/index.php\/en\/global-2\/10-x-10\/","title":{"rendered":"10 x 10"},"content":{"rendered":"<p>Virtual Exchange programme involving 10 cross-sectional Science themes in 10 countries.\u00a0During 2019, on the 29<sup>th<\/sup> of each month (except February and May), a theme will be debated simultaneously by students of several schools. The themes will be debated in Portuguese or\u00a0English, according to the schools registered for each topic.<\/p>\r\n<p>In each session we will have an invited specialist who\u00a0<img loading=\"lazy\" decoding=\"async\" class=\"wp-image-1371 alignright\" src=\"https:\/\/esundy.nuclio.org\/wp-content\/uploads\/2019\/02\/16_9_10x10_vEN-1024x576.jpg\" alt=\"\" width=\"564\" height=\"317\" srcset=\"https:\/\/esundy.nuclio.org\/wp-content\/uploads\/2019\/02\/16_9_10x10_vEN-1024x576.jpg 1024w, https:\/\/esundy.nuclio.org\/wp-content\/uploads\/2019\/02\/16_9_10x10_vEN-300x169.jpg 300w, https:\/\/esundy.nuclio.org\/wp-content\/uploads\/2019\/02\/16_9_10x10_vEN-768x432.jpg 768w\" sizes=\"auto, (max-width: 564px) 100vw, 564px\" \/>will introduce a theme which will then be debated, simultaneously, by students and teachers of several teaching institutions.<\/p>\r\n<!-- \/wp:post-content -->\r\n\r\n<!-- wp:paragraph {\"fontSize\":\"small\"} -->\r\n<p>-1<sup>st<\/sup> part- Introducing the theme (20 min.)<\/p>\r\n<p>-2<sup>nd<\/sup> part- Discussion (20 min.)<\/p>\r\n<p>The sessions will be through Google Hangouts and will be broadcasted live on You Tube.<\/p>\r\n<p>Throughout the several sessions several themes will be addressed, such as: Pr\u00edncipe\u2019s biosphere, Climate change, Sky observations at the Greenwich Royal Observatory, eclipses, Inclusive astronomy, SKA, among others.<\/p>\r\n<p>Joint this global event.<\/p>\r\n<p>Registrations available in this\u00a0<a href=\"http:\/\/docs.google.com\/forms\/d\/e\/1FAIpQLSfqzEuLULH9ANrme3ljMrc48fxoLhMHEOqsrO8KYM7cO9s4hw\/viewform\">form.<\/a><\/p>\r\n<!-- \/wp:paragraph -->\r\n\r\n<!-- wp:html -->\r\n<div class=\"wp-block-button aligncenter\"><a class=\"wp-block-button__link\" href=\"https:\/\/esundy.nuclio.org\/wp-content\/uploads\/2019\/01\/16_9_10x10_vPT.jpg\" target=\"_blank\" rel=\"noopener noreferrer\">Poster<\/a><\/div>\r\n<div>\u00a0<\/div>\r\n<div>\u00a0<\/div>\r\n<h4>The 2019 sessions are available below.<\/h4>\r\n<h4>We are improving the format of virtual school exchange and we will have news next year.<\/h4>\r\n<h4>Keep checking this page for updates!<\/h4>\r\n<div>\u00a0<\/div>\r\n<div>\u00a0<\/div>\r\n<div>\r\n<div><img loading=\"lazy\" decoding=\"async\" class=\"alignleft wp-image-2278\" src=\"https:\/\/esundy.nuclio.org\/wp-content\/uploads\/2019\/08\/16_9_10x10_vEN_5-session-1024x576.jpg\" alt=\"\" width=\"439\" height=\"247\" srcset=\"https:\/\/esundy.nuclio.org\/wp-content\/uploads\/2019\/08\/16_9_10x10_vEN_5-session-1024x576.jpg 1024w, https:\/\/esundy.nuclio.org\/wp-content\/uploads\/2019\/08\/16_9_10x10_vEN_5-session-300x169.jpg 300w, https:\/\/esundy.nuclio.org\/wp-content\/uploads\/2019\/08\/16_9_10x10_vEN_5-session-768x432.jpg 768w\" sizes=\"auto, (max-width: 439px) 100vw, 439px\" \/>\r\n<div><strong>29 of July<\/strong><\/div>\r\n<div>\u00a0<\/div>\r\n<div>Theme: How to communicate with an \u201calien\u201d without Portuguese language\u00a0<\/div>\r\n<div>Country: Jap\u00e3o<\/div>\r\n<div>Speaker: Kumiko Usuda-Sato<\/div>\r\n<div>\u00a0<\/div>\r\n<div>\u00a0<\/div>\r\n<div>\u00a0<\/div>\r\n<\/div>\r\n<div>See\u00a0<a href=\"http:\/\/youtu.be\/SrmBf04RMUk\" target=\"_blank\" rel=\"noopener noreferrer\">here<\/a>\u00a0this session.<\/div>\r\n<div>\u00a0<\/div>\r\n<div>\u00a0<\/div>\r\n<div>\u00a0<\/div>\r\n<div>\u00a0<\/div>\r\n<div><img loading=\"lazy\" decoding=\"async\" class=\"alignleft wp-image-2279\" src=\"https:\/\/esundy.nuclio.org\/wp-content\/uploads\/2019\/08\/16_9_10x10_vEN_4-session-300x169.png\" alt=\"\" width=\"439\" height=\"247\" srcset=\"https:\/\/esundy.nuclio.org\/wp-content\/uploads\/2019\/08\/16_9_10x10_vEN_4-session-300x169.png 300w, https:\/\/esundy.nuclio.org\/wp-content\/uploads\/2019\/08\/16_9_10x10_vEN_4-session-768x432.png 768w, https:\/\/esundy.nuclio.org\/wp-content\/uploads\/2019\/08\/16_9_10x10_vEN_4-session-1024x576.png 1024w\" sizes=\"auto, (max-width: 439px) 100vw, 439px\" \/>\r\n<div><strong>29 of June<\/strong><\/div>\r\n<p>Theme: Ars Electronica Practises of Art and Science Residency Programs*<\/p>\r\n<p>Country: \u00c1ustria<\/p>\r\n<p>Speaker: Veronika Liebl<\/p>\r\n<div>* This session of the Program 10 x 10 &#8220;10 Themes 10 Countries&#8221; belongs to the programming of StixCamp2019<\/div>\r\n<div>\u00a0<\/div>\r\n<div>See\u00a0<a href=\"http:\/\/www.youtube.com\/watch?v=BbNrFmbGUGs&amp;feature=youtu.be\" target=\"_blank\" rel=\"noopener noreferrer\">here<\/a>\u00a0this session.<\/div>\r\n<div>\u00a0<\/div>\r\n<\/div>\r\n<\/div>\r\n<div>\u00a0<\/div>\r\n<div>\r\n<div><img loading=\"lazy\" decoding=\"async\" class=\"wp-image-2000 alignleft\" src=\"https:\/\/esundy.nuclio.org\/wp-content\/uploads\/2019\/05\/16_9_10x10_vEN_3rd-session-300x169.jpg\" alt=\"\" width=\"439\" height=\"247\" srcset=\"https:\/\/esundy.nuclio.org\/wp-content\/uploads\/2019\/05\/16_9_10x10_vEN_3rd-session-300x169.jpg 300w, https:\/\/esundy.nuclio.org\/wp-content\/uploads\/2019\/05\/16_9_10x10_vEN_3rd-session-768x432.jpg 768w, https:\/\/esundy.nuclio.org\/wp-content\/uploads\/2019\/05\/16_9_10x10_vEN_3rd-session-1024x576.jpg 1024w, https:\/\/esundy.nuclio.org\/wp-content\/uploads\/2019\/05\/16_9_10x10_vEN_3rd-session.jpg 2000w\" sizes=\"auto, (max-width: 439px) 100vw, 439px\" \/><\/div>\r\n<div><strong>29th de April<\/strong><\/div>\r\n<div>\u00a0<\/div>\r\n<div>Theme:\u00a0 The Importance of Solar Eclipses<\/div>\r\n<div>Country: EUA<\/div>\r\n<div>Speaker: Jay Pasachoff<\/div>\r\n<div>\u00a0<\/div>\r\n<div>\u00a0<\/div>\r\n<div>See\u00a0<a href=\"http:\/\/youtu.be\/rV77sa1rgY0\" target=\"_blank\" rel=\"noopener noreferrer\">here<\/a>\u00a0this session.<\/div>\r\n<div>\u00a0<\/div>\r\n<div>\u00a0<\/div>\r\n<\/div>\r\n<div>\u00a0<\/div>\r\n<div>\u00a0<\/div>\r\n<div>\u00a0<\/div>\r\n<div>\r\n<div><img loading=\"lazy\" decoding=\"async\" class=\"wp-image-1685 alignleft\" src=\"https:\/\/esundy.nuclio.org\/wp-content\/uploads\/2019\/03\/FB1-300x169.png\" alt=\"\" width=\"439\" height=\"247\" srcset=\"https:\/\/esundy.nuclio.org\/wp-content\/uploads\/2019\/03\/FB1-300x169.png 300w, https:\/\/esundy.nuclio.org\/wp-content\/uploads\/2019\/03\/FB1-768x432.png 768w, https:\/\/esundy.nuclio.org\/wp-content\/uploads\/2019\/03\/FB1-1024x576.png 1024w, https:\/\/esundy.nuclio.org\/wp-content\/uploads\/2019\/03\/FB1.png 1200w\" sizes=\"auto, (max-width: 439px) 100vw, 439px\" \/>\r\n<div>\r\n<p><strong>29th of March<\/strong><\/p>\r\n<\/div>\r\n<div>Theme: Causes and Effects of Climate Change &#8211; A Look at the Future of the Planet<\/div>\r\n<div>Country: Portugal<\/div>\r\n<div>Speaker: Lu\u00eds R. Vieira &#8211; University of Porto<\/div>\r\n<\/div>\r\n<div>\u00a0<\/div>\r\n<div>\u00a0<\/div>\r\n<div>See\u00a0<a href=\"http:\/\/www.youtube.com\/watch?v=HxdAgZ0nbNk&amp;feature=youtu.be\" target=\"_blank\" rel=\"noopener noreferrer\">here<\/a>\u00a0this session.<\/div>\r\n<\/div>\r\n<div>\u00a0<\/div>\r\n<div>\u00a0<\/div>\r\n<div>\u00a0<\/div>\r\n<div>\u00a0<\/div>\r\n<div>\u00a0<\/div>\r\n<div><img loading=\"lazy\" decoding=\"async\" class=\" wp-image-695 alignleft\" src=\"https:\/\/esundy.nuclio.org\/wp-content\/uploads\/2019\/02\/50849873_982229605313990_8650998212221468672_o-300x169.jpg\" alt=\"\" width=\"439\" height=\"247\" srcset=\"https:\/\/esundy.nuclio.org\/wp-content\/uploads\/2019\/02\/50849873_982229605313990_8650998212221468672_o-300x169.jpg 300w, https:\/\/esundy.nuclio.org\/wp-content\/uploads\/2019\/02\/50849873_982229605313990_8650998212221468672_o-768x432.jpg 768w, https:\/\/esundy.nuclio.org\/wp-content\/uploads\/2019\/02\/50849873_982229605313990_8650998212221468672_o-1024x576.jpg 1024w, https:\/\/esundy.nuclio.org\/wp-content\/uploads\/2019\/02\/50849873_982229605313990_8650998212221468672_o-1568x882.jpg 1568w, https:\/\/esundy.nuclio.org\/wp-content\/uploads\/2019\/02\/50849873_982229605313990_8650998212221468672_o.jpg 2048w\" sizes=\"auto, (max-width: 439px) 100vw, 439px\" \/><\/div>\r\n<div><strong>29<sup>th<\/sup> of January<\/strong><\/div>\r\n<div>\r\n<p>&nbsp;<\/p>\r\n<p>Theme: Island of Pr\u00edncipe\u2019s biosphere Reserve<\/p>\r\n<p>Country: S\u00e3o Tom\u00e9 e Pr\u00edncipe<\/p>\r\n<p>Speaker: Pl\u00e1cida Lopes \u2013 Coordinator of the Island of Pr\u00edncipe\u2019s Biosphere Reserve Management Office<\/p>\r\n<\/div>","protected":false},"excerpt":{"rendered":"<p>Virtual Exchange programme involving 10 cross-sectional Science themes in 10 countries.\u00a0During 2019, on the 29th of each month (except February [&hellip;]<\/p>\n","protected":false},"author":2,"featured_media":683,"parent":1136,"menu_order":2,"comment_status":"closed","ping_status":"closed","template":"","meta":{"ngg_post_thumbnail":0,"footnotes":""},"class_list":["post-1138","page","type-page","status-publish","has-post-thumbnail","hentry"],"_links":{"self":[{"href":"https:\/\/esundy.nuclio.org\/index.php\/wp-json\/wp\/v2\/pages\/1138","targetHints":{"allow":["GET"]}}],"collection":[{"href":"https:\/\/esundy.nuclio.org\/index.php\/wp-json\/wp\/v2\/pages"}],"about":[{"href":"https:\/\/esundy.nuclio.org\/index.php\/wp-json\/wp\/v2\/types\/page"}],"author":[{"embeddable":true,"href":"https:\/\/esundy.nuclio.org\/index.php\/wp-json\/wp\/v2\/users\/2"}],"replies":[{"embeddable":true,"href":"https:\/\/esundy.nuclio.org\/index.php\/wp-json\/wp\/v2\/comments?post=1138"}],"version-history":[{"count":18,"href":"https:\/\/esundy.nuclio.org\/index.php\/wp-json\/wp\/v2\/pages\/1138\/revisions"}],"predecessor-version":[{"id":2003,"href":"https:\/\/esundy.nuclio.org\/index.php\/wp-json\/wp\/v2\/pages\/1138\/revisions\/2003"}],"up":[{"embeddable":true,"href":"https:\/\/esundy.nuclio.org\/index.php\/wp-json\/wp\/v2\/pages\/1136"}],"wp:featuredmedia":[{"embeddable":true,"href":"https:\/\/esundy.nuclio.org\/index.php\/wp-json\/wp\/v2\/media\/683"}],"wp:attachment":[{"href":"https:\/\/esundy.nuclio.org\/index.php\/wp-json\/wp\/v2\/media?parent=1138"}],"curies":[{"name":"wp","href":"https:\/\/api.w.org\/{rel}","templated":true}]}}