{"id":1108,"date":"2019-02-16T12:31:57","date_gmt":"2019-02-16T12:31:57","guid":{"rendered":"http:\/\/esundy.nuclio.org\/?page_id=1108"},"modified":"2025-05-29T11:01:38","modified_gmt":"2025-05-29T10:01:38","slug":"goals","status":"publish","type":"page","link":"https:\/\/esundy.nuclio.org\/index.php\/en\/about-es\/goals\/","title":{"rendered":"Goals"},"content":{"rendered":"<ul>\n<li style=\"font-weight: 400;\"><span style=\"font-weight: 400;\">Mark the centenary of the solar eclipse of the 29th of May 1919; \u00a0<\/span><\/li>\n<\/ul>\n<p>&nbsp;<\/p>\n<ul>\n<li style=\"font-weight: 400;\"><span style=\"font-weight: 400;\">Develop a scientific programme which involves the organization of events in S\u00e3o Tom\u00e9 and Pr\u00edncipe, Brazil. Portugal and England that is articulated with international participations and allows to establish connections which enable the continuation of contacts up to and beyond 2019, namely through the use of technological resources;<\/span><\/li>\n<\/ul>\n<p>&nbsp;<\/p>\n<ul>\n<li style=\"font-weight: 400;\"><span style=\"font-weight: 400;\"> Involve the Principean populations in the educational and scientific programmes;<\/span><\/li>\n<\/ul>\n<p>&nbsp;<\/p>\n<ul>\n<li style=\"font-weight: 400;\"><span style=\"font-weight: 400;\">Establish contact between the Principean populations, especially students, and members of the national and international scientific community.<\/span><\/li>\n<\/ul>\n","protected":false},"excerpt":{"rendered":"<p>Mark the centenary of the solar eclipse of the 29th of May 1919; \u00a0 &nbsp; Develop a scientific programme which [&hellip;]<\/p>\n","protected":false},"author":2,"featured_media":0,"parent":1078,"menu_order":3,"comment_status":"closed","ping_status":"closed","template":"","meta":{"ngg_post_thumbnail":0,"footnotes":""},"class_list":["post-1108","page","type-page","status-publish","hentry"],"_links":{"self":[{"href":"https:\/\/esundy.nuclio.org\/index.php\/wp-json\/wp\/v2\/pages\/1108","targetHints":{"allow":["GET"]}}],"collection":[{"href":"https:\/\/esundy.nuclio.org\/index.php\/wp-json\/wp\/v2\/pages"}],"about":[{"href":"https:\/\/esundy.nuclio.org\/index.php\/wp-json\/wp\/v2\/types\/page"}],"author":[{"embeddable":true,"href":"https:\/\/esundy.nuclio.org\/index.php\/wp-json\/wp\/v2\/users\/2"}],"replies":[{"embeddable":true,"href":"https:\/\/esundy.nuclio.org\/index.php\/wp-json\/wp\/v2\/comments?post=1108"}],"version-history":[{"count":3,"href":"https:\/\/esundy.nuclio.org\/index.php\/wp-json\/wp\/v2\/pages\/1108\/revisions"}],"predecessor-version":[{"id":1116,"href":"https:\/\/esundy.nuclio.org\/index.php\/wp-json\/wp\/v2\/pages\/1108\/revisions\/1116"}],"up":[{"embeddable":true,"href":"https:\/\/esundy.nuclio.org\/index.php\/wp-json\/wp\/v2\/pages\/1078"}],"wp:attachment":[{"href":"https:\/\/esundy.nuclio.org\/index.php\/wp-json\/wp\/v2\/media?parent=1108"}],"curies":[{"name":"wp","href":"https:\/\/api.w.org\/{rel}","templated":true}]}}